{"id":828,"date":"2018-02-20T19:57:22","date_gmt":"2018-02-20T19:57:22","guid":{"rendered":"https:\/\/archiwumsp1.zsobystrzyca.pl\/?page_id=828"},"modified":"2021-06-30T11:02:07","modified_gmt":"2021-06-30T10:02:07","slug":"wsztstkie-nasze-talenty","status":"publish","type":"page","link":"https:\/\/archiwumsp1.zsobystrzyca.pl\/?page_id=828","title":{"rendered":"WSZYSTKIE NASZE TALENTY-PROJEKT FUNDACJI PZU"},"content":{"rendered":"<p><a href=\"https:\/\/archiwumsp1.zsobystrzyca.pl\/wp-content\/uploads\/2018\/02\/Nowy-obraz.png\"><img loading=\"lazy\" decoding=\"async\" class=\" wp-image-833 alignleft\" src=\"https:\/\/archiwumsp1.zsobystrzyca.pl\/wp-content\/uploads\/2018\/02\/Nowy-obraz-214x300.png\" alt=\"\" width=\"245\" height=\"343\" srcset=\"https:\/\/archiwumsp1.zsobystrzyca.pl\/wp-content\/uploads\/2018\/02\/Nowy-obraz-214x300.png 214w, https:\/\/archiwumsp1.zsobystrzyca.pl\/wp-content\/uploads\/2018\/02\/Nowy-obraz.png 337w\" sizes=\"(max-width: 245px) 100vw, 245px\" \/><\/a>WSZYSTKIE NASZE TALENTY -PROJEKT FUNDACJI PZU<br \/>\nWszystkie dzia\u0142ania w tym projekcie realizowane s\u0105 ze \u015brodk\u00f3w Fundacji PZU.<\/p>\n<p>To jeden z projekt\u00f3w realizowanych przez nasz\u0105 szko\u0142\u0119 w tym roku szkolnym .W ramach projektu uczniowie rozwijaj\u0105 swoje wielorakie uzdolnienia i zainteresowania; humanistyczne, matematyczno-informatyczne, przedmiotowe, j\u0119zykowe, artystyczne, sportowe, organizacyjne. Na pocz\u0105tku roku szkolnego przeprowadzono diagnoz\u0119 uczni\u00f3w zgodnie ze Szkolnym Programem Wspierania Uzdolnie\u0144. A teraz uczniowie uczestnicz\u0105 w r\u00f3\u017cnych zaj\u0119ciach:<br \/>\nMikro i Makrokosmos \u2013 cykl zaj\u0119\u0107 przyrodniczych<br \/>\nWarsztat konstruktora \u2013 projektowanie, programowanie<br \/>\n\u0106wicz jak\u2026 &#8211; zaj\u0119cia sportowe \u2013 rewalidacyjne, korekcyjne, zawody<br \/>\ni turnieje<br \/>\nArtystyczna dusza \u2013 warsztat muzyczne, teatralne, r\u0119kodzie\u0142a<br \/>\nJeste\u015bmy razem \u2013 warsztaty integracyjne.!<\/p>\n<p>\u201eSzlifowanie diament\u00f3w\u201d \u2013 cykliczne spotkania mi\u0142o\u015bnik\u00f3w matematyki i sztuki.<br \/>\nSpotkania od 19.09.2017 w ka\u017cdy wtorek 6 godzina lekcyjna.<br \/>\nUcz\u0119szczaj\u0105 uczniowie klasy Va i V b \u2013 razem 8 os\u00f3b<br \/>\nW programie:<br \/>\n&#8211; rozwi\u0105zywanie zada\u0144 z matematyki<br \/>\n&#8211; gry i zabawy<br \/>\n&#8211; \u0142amig\u0142\u00f3wki matematyczne<br \/>\n&#8211; zagadki logiczne<br \/>\n&#8211; wybitni matematycy<br \/>\n&#8211; tworzenie w\u0142asnych gier planszowych podsumowuj\u0105cych dzia\u0142 matematyki lub doskonal\u0105cych umiej\u0119tno\u015bci rachunkowe.<br \/>\nUczniowie r\u00f3wnie\u017c brali udzia\u0142 w otwartych drzwiach organizowanych w lutym. Przygotowali stoliki tematyczne przedstawiaj\u0105ce zagadnienia z \u017cycia codziennego zwi\u0105zane z dzia\u0142ami matematyki. Wykorzystali przy tym pomoce dydaktyczne przygotowane przez siebie , wg w\u0142asnego pomys\u0142u.<br \/>\nKamilla Kuczer<\/p>\n<p>&nbsp;<\/p>\n<p><a href=\"https:\/\/archiwumsp1.zsobystrzyca.pl\/wp-content\/uploads\/2018\/03\/IMG_20180123_155819-2.jpg\"><img loading=\"lazy\" decoding=\"async\" class=\"wp-image-896 alignleft\" src=\"https:\/\/archiwumsp1.zsobystrzyca.pl\/wp-content\/uploads\/2018\/03\/IMG_20180123_155819-2-225x300.jpg\" alt=\"\" width=\"178\" height=\"237\" srcset=\"https:\/\/archiwumsp1.zsobystrzyca.pl\/wp-content\/uploads\/2018\/03\/IMG_20180123_155819-2-225x300.jpg 225w, https:\/\/archiwumsp1.zsobystrzyca.pl\/wp-content\/uploads\/2018\/03\/IMG_20180123_155819-2.jpg 768w\" sizes=\"(max-width: 178px) 100vw, 178px\" \/><\/a>Uczniowie SP1 brali udzia\u0142 w og\u00f3lnopolskim konkursie plastycznym pt. &#8221; Moje uzdrowisko&#8221; zorganizowanym przez Gmin\u0119 Uniej\u00f3w. Do konkursu przyj\u0119to 97 prac zgodnych z regulaminem. Spo\u015br\u00f3d nich nagrodzono 20. Doceniono r\u00f3wnie\u017c talent artystyczny naszej uczennicy Martyny Michalak z kl Va, kt\u00f3rej praca zosta\u0142a nagrodzona. Gratulujemy sukcesu.<br \/>\nIdzi-Wa\u017cgint Emilia<\/p>\n<p><a href=\"https:\/\/archiwumsp1.zsobystrzyca.pl\/wp-content\/uploads\/2018\/02\/sprawozdanie-Mamaa.pdf\">Sprawozdanie z projektu Wszystkie nasze talenty &#8211; projekt PZU\u00a0<\/a><\/p>\n<div id='gallery-1' class='gallery galleryid-828 gallery-columns-3 gallery-size-thumbnail'><figure class='gallery-item'>\n\t\t\t<div class='gallery-icon landscape'>\n\t\t\t\t<a href='https:\/\/archiwumsp1.zsobystrzyca.pl\/?attachment_id=860'><img loading=\"lazy\" decoding=\"async\" width=\"150\" height=\"150\" src=\"https:\/\/archiwumsp1.zsobystrzyca.pl\/wp-content\/uploads\/2018\/02\/20171017_140723-150x150.jpg\" class=\"attachment-thumbnail size-thumbnail\" alt=\"\" \/><\/a>\n\t\t\t<\/div><\/figure><figure class='gallery-item'>\n\t\t\t<div class='gallery-icon portrait'>\n\t\t\t\t<a href='https:\/\/archiwumsp1.zsobystrzyca.pl\/?attachment_id=861'><img loading=\"lazy\" decoding=\"async\" width=\"150\" height=\"150\" src=\"https:\/\/archiwumsp1.zsobystrzyca.pl\/wp-content\/uploads\/2018\/02\/20171018_130104-1-e1519471723206-150x150.jpg\" class=\"attachment-thumbnail size-thumbnail\" alt=\"\" \/><\/a>\n\t\t\t<\/div><\/figure><figure class='gallery-item'>\n\t\t\t<div class='gallery-icon portrait'>\n\t\t\t\t<a href='https:\/\/archiwumsp1.zsobystrzyca.pl\/?attachment_id=862'><img loading=\"lazy\" decoding=\"async\" width=\"150\" height=\"150\" src=\"https:\/\/archiwumsp1.zsobystrzyca.pl\/wp-content\/uploads\/2018\/02\/20171018_130135-e1519471711185-150x150.jpg\" class=\"attachment-thumbnail size-thumbnail\" alt=\"\" \/><\/a>\n\t\t\t<\/div><\/figure><figure class='gallery-item'>\n\t\t\t<div class='gallery-icon portrait'>\n\t\t\t\t<a href='https:\/\/archiwumsp1.zsobystrzyca.pl\/?attachment_id=863'><img loading=\"lazy\" decoding=\"async\" width=\"150\" height=\"150\" src=\"https:\/\/archiwumsp1.zsobystrzyca.pl\/wp-content\/uploads\/2018\/02\/20171018_135247-150x150.jpg\" class=\"attachment-thumbnail size-thumbnail\" alt=\"\" \/><\/a>\n\t\t\t<\/div><\/figure><figure class='gallery-item'>\n\t\t\t<div class='gallery-icon portrait'>\n\t\t\t\t<a href='https:\/\/archiwumsp1.zsobystrzyca.pl\/?attachment_id=864'><img loading=\"lazy\" decoding=\"async\" width=\"150\" height=\"150\" src=\"https:\/\/archiwumsp1.zsobystrzyca.pl\/wp-content\/uploads\/2018\/02\/20171024_130659-150x150.jpg\" class=\"attachment-thumbnail size-thumbnail\" alt=\"\" \/><\/a>\n\t\t\t<\/div><\/figure><figure class='gallery-item'>\n\t\t\t<div class='gallery-icon portrait'>\n\t\t\t\t<a href='https:\/\/archiwumsp1.zsobystrzyca.pl\/?attachment_id=865'><img loading=\"lazy\" decoding=\"async\" width=\"150\" height=\"150\" src=\"https:\/\/archiwumsp1.zsobystrzyca.pl\/wp-content\/uploads\/2018\/02\/20171025_143650-150x150.jpg\" class=\"attachment-thumbnail size-thumbnail\" alt=\"\" \/><\/a>\n\t\t\t<\/div><\/figure><figure class='gallery-item'>\n\t\t\t<div class='gallery-icon landscape'>\n\t\t\t\t<a href='https:\/\/archiwumsp1.zsobystrzyca.pl\/?attachment_id=866'><img loading=\"lazy\" decoding=\"async\" width=\"150\" height=\"150\" src=\"https:\/\/archiwumsp1.zsobystrzyca.pl\/wp-content\/uploads\/2018\/02\/20171026_123115-150x150.jpg\" class=\"attachment-thumbnail size-thumbnail\" alt=\"\" \/><\/a>\n\t\t\t<\/div><\/figure><figure class='gallery-item'>\n\t\t\t<div class='gallery-icon landscape'>\n\t\t\t\t<a href='https:\/\/archiwumsp1.zsobystrzyca.pl\/?attachment_id=867'><img loading=\"lazy\" decoding=\"async\" width=\"150\" height=\"150\" src=\"https:\/\/archiwumsp1.zsobystrzyca.pl\/wp-content\/uploads\/2018\/02\/20171026_130931-1-150x150.jpg\" class=\"attachment-thumbnail size-thumbnail\" alt=\"\" \/><\/a>\n\t\t\t<\/div><\/figure><figure class='gallery-item'>\n\t\t\t<div class='gallery-icon portrait'>\n\t\t\t\t<a href='https:\/\/archiwumsp1.zsobystrzyca.pl\/?attachment_id=868'><img loading=\"lazy\" decoding=\"async\" width=\"150\" height=\"150\" src=\"https:\/\/archiwumsp1.zsobystrzyca.pl\/wp-content\/uploads\/2018\/02\/20171108_132043-1-150x150.jpg\" class=\"attachment-thumbnail size-thumbnail\" alt=\"\" \/><\/a>\n\t\t\t<\/div><\/figure><figure class='gallery-item'>\n\t\t\t<div class='gallery-icon landscape'>\n\t\t\t\t<a href='https:\/\/archiwumsp1.zsobystrzyca.pl\/?attachment_id=869'><img loading=\"lazy\" decoding=\"async\" width=\"150\" height=\"150\" src=\"https:\/\/archiwumsp1.zsobystrzyca.pl\/wp-content\/uploads\/2018\/02\/20171130_121943-1-150x150.jpg\" class=\"attachment-thumbnail size-thumbnail\" alt=\"\" \/><\/a>\n\t\t\t<\/div><\/figure><figure class='gallery-item'>\n\t\t\t<div class='gallery-icon portrait'>\n\t\t\t\t<a href='https:\/\/archiwumsp1.zsobystrzyca.pl\/?attachment_id=870'><img loading=\"lazy\" decoding=\"async\" width=\"150\" height=\"150\" src=\"https:\/\/archiwumsp1.zsobystrzyca.pl\/wp-content\/uploads\/2018\/02\/img_20171215_132558-1-150x150.jpg\" class=\"attachment-thumbnail size-thumbnail\" alt=\"\" aria-describedby=\"gallery-1-870\" \/><\/a>\n\t\t\t<\/div>\n\t\t\t\t<figcaption class='wp-caption-text gallery-caption' id='gallery-1-870'>\n\t\t\t\t????????????????\n\t\t\t\t<\/figcaption><\/figure><figure class='gallery-item'>\n\t\t\t<div class='gallery-icon portrait'>\n\t\t\t\t<a href='https:\/\/archiwumsp1.zsobystrzyca.pl\/?attachment_id=871'><img loading=\"lazy\" decoding=\"async\" width=\"150\" height=\"150\" src=\"https:\/\/archiwumsp1.zsobystrzyca.pl\/wp-content\/uploads\/2018\/02\/img_20180213_092758-150x150.jpg\" class=\"attachment-thumbnail size-thumbnail\" alt=\"\" aria-describedby=\"gallery-1-871\" \/><\/a>\n\t\t\t<\/div>\n\t\t\t\t<figcaption class='wp-caption-text gallery-caption' id='gallery-1-871'>\n\t\t\t\t????????????????\n\t\t\t\t<\/figcaption><\/figure><figure class='gallery-item'>\n\t\t\t<div class='gallery-icon portrait'>\n\t\t\t\t<a href='https:\/\/archiwumsp1.zsobystrzyca.pl\/?attachment_id=872'><img loading=\"lazy\" decoding=\"async\" width=\"150\" height=\"150\" src=\"https:\/\/archiwumsp1.zsobystrzyca.pl\/wp-content\/uploads\/2018\/02\/img_20180213_094756-150x150.jpg\" class=\"attachment-thumbnail size-thumbnail\" alt=\"\" aria-describedby=\"gallery-1-872\" \/><\/a>\n\t\t\t<\/div>\n\t\t\t\t<figcaption class='wp-caption-text gallery-caption' id='gallery-1-872'>\n\t\t\t\t????????????????\n\t\t\t\t<\/figcaption><\/figure>\n\t\t<\/div>\n\n","protected":false},"excerpt":{"rendered":"<p>WSZYSTKIE NASZE TALENTY -PROJEKT FUNDACJI PZU Wszystkie dzia\u0142ania w tym projekcie realizowane s\u0105 ze \u015brodk\u00f3w Fundacji PZU. To jeden z projekt\u00f3w realizowanych przez nasz\u0105 szko\u0142\u0119 w tym roku szkolnym .W ramach projektu uczniowie rozwijaj\u0105 swoje&#8230;<\/p>\n","protected":false},"author":2,"featured_media":0,"parent":0,"menu_order":0,"comment_status":"closed","ping_status":"closed","template":"","meta":{"footnotes":""},"_links":{"self":[{"href":"https:\/\/archiwumsp1.zsobystrzyca.pl\/index.php?rest_route=\/wp\/v2\/pages\/828"}],"collection":[{"href":"https:\/\/archiwumsp1.zsobystrzyca.pl\/index.php?rest_route=\/wp\/v2\/pages"}],"about":[{"href":"https:\/\/archiwumsp1.zsobystrzyca.pl\/index.php?rest_route=\/wp\/v2\/types\/page"}],"author":[{"embeddable":true,"href":"https:\/\/archiwumsp1.zsobystrzyca.pl\/index.php?rest_route=\/wp\/v2\/users\/2"}],"replies":[{"embeddable":true,"href":"https:\/\/archiwumsp1.zsobystrzyca.pl\/index.php?rest_route=%2Fwp%2Fv2%2Fcomments&post=828"}],"version-history":[{"count":13,"href":"https:\/\/archiwumsp1.zsobystrzyca.pl\/index.php?rest_route=\/wp\/v2\/pages\/828\/revisions"}],"predecessor-version":[{"id":1468,"href":"https:\/\/archiwumsp1.zsobystrzyca.pl\/index.php?rest_route=\/wp\/v2\/pages\/828\/revisions\/1468"}],"wp:attachment":[{"href":"https:\/\/archiwumsp1.zsobystrzyca.pl\/index.php?rest_route=%2Fwp%2Fv2%2Fmedia&parent=828"}],"curies":[{"name":"wp","href":"https:\/\/api.w.org\/{rel}","templated":true}]}}