{"id":69,"date":"2017-09-01T21:23:06","date_gmt":"2017-09-01T21:23:06","guid":{"rendered":"https:\/\/archiwumsp1.zsobystrzyca.pl\/?page_id=69"},"modified":"2017-11-10T17:59:07","modified_gmt":"2017-11-10T17:59:07","slug":"samorzad-szkolny","status":"publish","type":"page","link":"https:\/\/archiwumsp1.zsobystrzyca.pl\/?page_id=69","title":{"rendered":"SAMORZ\u0104D SZKOLNY"},"content":{"rendered":"<p>Samorz\u0105d Szkolny:<\/p>\n<p>Przewodnicz\u0105ca: Martyna Grzyb<\/p>\n<p>Zast\u0119pca: Julia Jod\u0142owska<\/p>\n<p>Sztandar: Miszuk Filip, Julia Popek, Maja Koz\u0142owska<\/p>\n<p>Werbli\u015bci: Emil Sienkiewicz, Kacper Gawe\u0142<\/p>\n","protected":false},"excerpt":{"rendered":"<p>Samorz\u0105d Szkolny: Przewodnicz\u0105ca: Martyna Grzyb Zast\u0119pca: Julia Jod\u0142owska Sztandar: Miszuk Filip, Julia Popek, Maja Koz\u0142owska Werbli\u015bci: Emil Sienkiewicz, Kacper Gawe\u0142<\/p>\n","protected":false},"author":1,"featured_media":0,"parent":0,"menu_order":0,"comment_status":"closed","ping_status":"closed","template":"","meta":{"footnotes":""},"_links":{"self":[{"href":"https:\/\/archiwumsp1.zsobystrzyca.pl\/index.php?rest_route=\/wp\/v2\/pages\/69"}],"collection":[{"href":"https:\/\/archiwumsp1.zsobystrzyca.pl\/index.php?rest_route=\/wp\/v2\/pages"}],"about":[{"href":"https:\/\/archiwumsp1.zsobystrzyca.pl\/index.php?rest_route=\/wp\/v2\/types\/page"}],"author":[{"embeddable":true,"href":"https:\/\/archiwumsp1.zsobystrzyca.pl\/index.php?rest_route=\/wp\/v2\/users\/1"}],"replies":[{"embeddable":true,"href":"https:\/\/archiwumsp1.zsobystrzyca.pl\/index.php?rest_route=%2Fwp%2Fv2%2Fcomments&post=69"}],"version-history":[{"count":6,"href":"https:\/\/archiwumsp1.zsobystrzyca.pl\/index.php?rest_route=\/wp\/v2\/pages\/69\/revisions"}],"predecessor-version":[{"id":486,"href":"https:\/\/archiwumsp1.zsobystrzyca.pl\/index.php?rest_route=\/wp\/v2\/pages\/69\/revisions\/486"}],"wp:attachment":[{"href":"https:\/\/archiwumsp1.zsobystrzyca.pl\/index.php?rest_route=%2Fwp%2Fv2%2Fmedia&parent=69"}],"curies":[{"name":"wp","href":"https:\/\/api.w.org\/{rel}","templated":true}]}}