{"id":506,"date":"2017-11-14T18:40:12","date_gmt":"2017-11-14T18:40:12","guid":{"rendered":"https:\/\/archiwumsp1.zsobystrzyca.pl\/?page_id=506"},"modified":"2017-11-14T19:29:19","modified_gmt":"2017-11-14T19:29:19","slug":"szachownica-pokolen","status":"publish","type":"page","link":"https:\/\/archiwumsp1.zsobystrzyca.pl\/?page_id=506","title":{"rendered":"&#8222;Szachownica pokole\u0144&#8221;"},"content":{"rendered":"<p>W dniu 14.11.2017r. w SP1 odby\u0142y si\u0119 warsztaty szachowe dla klas IV-VII w ramach projektu &#8222;Szachownica pokole\u0144&#8221; ,kt\u00f3re s\u0105 finansowane ze \u015brodk\u00f3w Programu Fundacji Inicjatyw Obywatelskich. Zaj\u0119cia cieszy\u0142y si\u0119 du\u017cym zainteresowaniem, a celem spotka\u0144 jest przygotowanie do turnieju pokoleniowego, kt\u00f3ry odb\u0119dzie si\u0119 w przysz\u0142ym tygodniu. Ide\u0105 projektu jest propagowanie i rozwijanie umiej\u0119tno\u015bci gry w szachy, logicznego my\u015blenia i sp\u0119dzania wsp\u00f3lnego czasu.<br \/>\nEmilia Idzi-Wa\u017cgint<br \/>\n<div id='gallery-1' class='gallery galleryid-506 gallery-columns-3 gallery-size-thumbnail'><figure class='gallery-item'>\n\t\t\t<div class='gallery-icon landscape'>\n\t\t\t\t<a href='https:\/\/archiwumsp1.zsobystrzyca.pl\/?attachment_id=507'><img loading=\"lazy\" decoding=\"async\" width=\"150\" height=\"150\" src=\"https:\/\/archiwumsp1.zsobystrzyca.pl\/wp-content\/uploads\/2017\/11\/IMG_20171114_130849-150x150.jpg\" class=\"attachment-thumbnail size-thumbnail\" alt=\"\" \/><\/a>\n\t\t\t<\/div><\/figure><figure class='gallery-item'>\n\t\t\t<div class='gallery-icon landscape'>\n\t\t\t\t<a href='https:\/\/archiwumsp1.zsobystrzyca.pl\/?attachment_id=508'><img loading=\"lazy\" decoding=\"async\" width=\"150\" height=\"150\" src=\"https:\/\/archiwumsp1.zsobystrzyca.pl\/wp-content\/uploads\/2017\/11\/IMG_20171114_130856-150x150.jpg\" class=\"attachment-thumbnail size-thumbnail\" alt=\"\" \/><\/a>\n\t\t\t<\/div><\/figure><figure class='gallery-item'>\n\t\t\t<div class='gallery-icon landscape'>\n\t\t\t\t<a href='https:\/\/archiwumsp1.zsobystrzyca.pl\/?attachment_id=509'><img loading=\"lazy\" decoding=\"async\" width=\"150\" height=\"150\" src=\"https:\/\/archiwumsp1.zsobystrzyca.pl\/wp-content\/uploads\/2017\/11\/IMG_20171114_130904-150x150.jpg\" class=\"attachment-thumbnail size-thumbnail\" alt=\"\" \/><\/a>\n\t\t\t<\/div><\/figure><figure class='gallery-item'>\n\t\t\t<div class='gallery-icon landscape'>\n\t\t\t\t<a href='https:\/\/archiwumsp1.zsobystrzyca.pl\/?attachment_id=510'><img loading=\"lazy\" decoding=\"async\" width=\"150\" height=\"150\" src=\"https:\/\/archiwumsp1.zsobystrzyca.pl\/wp-content\/uploads\/2017\/11\/IMG_20171114_130908-150x150.jpg\" class=\"attachment-thumbnail size-thumbnail\" alt=\"\" \/><\/a>\n\t\t\t<\/div><\/figure><figure class='gallery-item'>\n\t\t\t<div class='gallery-icon landscape'>\n\t\t\t\t<a href='https:\/\/archiwumsp1.zsobystrzyca.pl\/?attachment_id=511'><img loading=\"lazy\" decoding=\"async\" width=\"150\" height=\"150\" src=\"https:\/\/archiwumsp1.zsobystrzyca.pl\/wp-content\/uploads\/2017\/11\/IMG_20171114_130920-150x150.jpg\" class=\"attachment-thumbnail size-thumbnail\" alt=\"\" \/><\/a>\n\t\t\t<\/div><\/figure>\n\t\t<\/div>\n<\/p>\n","protected":false},"excerpt":{"rendered":"<p>W dniu 14.11.2017r. w SP1 odby\u0142y si\u0119 warsztaty szachowe dla klas IV-VII w ramach projektu &#8222;Szachownica pokole\u0144&#8221; ,kt\u00f3re s\u0105 finansowane ze \u015brodk\u00f3w Programu Fundacji Inicjatyw Obywatelskich. Zaj\u0119cia cieszy\u0142y si\u0119 du\u017cym zainteresowaniem, a celem spotka\u0144 jest&#8230;<\/p>\n","protected":false},"author":1,"featured_media":0,"parent":428,"menu_order":0,"comment_status":"closed","ping_status":"closed","template":"","meta":{"footnotes":""},"_links":{"self":[{"href":"https:\/\/archiwumsp1.zsobystrzyca.pl\/index.php?rest_route=\/wp\/v2\/pages\/506"}],"collection":[{"href":"https:\/\/archiwumsp1.zsobystrzyca.pl\/index.php?rest_route=\/wp\/v2\/pages"}],"about":[{"href":"https:\/\/archiwumsp1.zsobystrzyca.pl\/index.php?rest_route=\/wp\/v2\/types\/page"}],"author":[{"embeddable":true,"href":"https:\/\/archiwumsp1.zsobystrzyca.pl\/index.php?rest_route=\/wp\/v2\/users\/1"}],"replies":[{"embeddable":true,"href":"https:\/\/archiwumsp1.zsobystrzyca.pl\/index.php?rest_route=%2Fwp%2Fv2%2Fcomments&post=506"}],"version-history":[{"count":1,"href":"https:\/\/archiwumsp1.zsobystrzyca.pl\/index.php?rest_route=\/wp\/v2\/pages\/506\/revisions"}],"predecessor-version":[{"id":513,"href":"https:\/\/archiwumsp1.zsobystrzyca.pl\/index.php?rest_route=\/wp\/v2\/pages\/506\/revisions\/513"}],"up":[{"embeddable":true,"href":"https:\/\/archiwumsp1.zsobystrzyca.pl\/index.php?rest_route=\/wp\/v2\/pages\/428"}],"wp:attachment":[{"href":"https:\/\/archiwumsp1.zsobystrzyca.pl\/index.php?rest_route=%2Fwp%2Fv2%2Fmedia&parent=506"}],"curies":[{"name":"wp","href":"https:\/\/api.w.org\/{rel}","templated":true}]}}

&#8222;Szachownica pokoleń&#8221;

<p>W dniu 14.11.2017r. w SP1 odbyły się warsztaty szachowe dla klas IV-VII w ramach projektu &#8222;Szachownica pokoleń&#8221; ,które są finansowane ze środków Programu Fundacji Inicjatyw Obywatelskich. Zajęcia cieszyły się dużym zainteresowaniem, a celem spotkań jest przygotowanie do turnieju pokoleniowego, który odbędzie się w przyszłym tygodniu. Ideą projektu jest propagowanie i rozwijanie umiejętności gry w szachy, logicznego myślenia i spędzania wspólnego czasu.<br />
Emilia Idzi-Ważgint<br />
<div id='gallery-1' class='gallery galleryid-506 gallery-columns-3 gallery-size-thumbnail'><figure class='gallery-item'>
			<div class='gallery-icon landscape'>
				<a href='https://archiwumsp1.zsobystrzyca.pl/?attachment_id=507'><img loading="lazy" decoding="async" width="150" height="150" src="https://archiwumsp1.zsobystrzyca.pl/wp-content/uploads/2017/11/IMG_20171114_130849-150x150.jpg" class="attachment-thumbnail size-thumbnail" alt="" /></a>
			</div></figure><figure class='gallery-item'>
			<div class='gallery-icon landscape'>
				<a href='https://archiwumsp1.zsobystrzyca.pl/?attachment_id=508'><img loading="lazy" decoding="async" width="150" height="150" src="https://archiwumsp1.zsobystrzyca.pl/wp-content/uploads/2017/11/IMG_20171114_130856-150x150.jpg" class="attachment-thumbnail size-thumbnail" alt="" /></a>
			</div></figure><figure class='gallery-item'>
			<div class='gallery-icon landscape'>
				<a href='https://archiwumsp1.zsobystrzyca.pl/?attachment_id=509'><img loading="lazy" decoding="async" width="150" height="150" src="https://archiwumsp1.zsobystrzyca.pl/wp-content/uploads/2017/11/IMG_20171114_130904-150x150.jpg" class="attachment-thumbnail size-thumbnail" alt="" /></a>
			</div></figure><figure class='gallery-item'>
			<div class='gallery-icon landscape'>
				<a href='https://archiwumsp1.zsobystrzyca.pl/?attachment_id=510'><img loading="lazy" decoding="async" width="150" height="150" src="https://archiwumsp1.zsobystrzyca.pl/wp-content/uploads/2017/11/IMG_20171114_130908-150x150.jpg" class="attachment-thumbnail size-thumbnail" alt="" /></a>
			</div></figure><figure class='gallery-item'>
			<div class='gallery-icon landscape'>
				<a href='https://archiwumsp1.zsobystrzyca.pl/?attachment_id=511'><img loading="lazy" decoding="async" width="150" height="150" src="https://archiwumsp1.zsobystrzyca.pl/wp-content/uploads/2017/11/IMG_20171114_130920-150x150.jpg" class="attachment-thumbnail size-thumbnail" alt="" /></a>
			</div></figure>
		</div>
</p>

<p>W dniu 14.11.2017r. w SP1 odbyły się warsztaty szachowe dla klas IV-VII w ramach projektu &#8222;Szachownica pokoleń&#8221; ,które są finansowane ze środków Programu Fundacji Inicjatyw Obywatelskich. Zajęcia cieszyły się dużym zainteresowaniem, a celem spotkań jest&#8230;</p>
