{"id":445,"date":"2017-11-07T19:55:52","date_gmt":"2017-11-07T19:55:52","guid":{"rendered":"https:\/\/archiwumsp1.zsobystrzyca.pl\/?page_id=445"},"modified":"2017-11-13T17:15:05","modified_gmt":"2017-11-13T17:15:05","slug":"wspolnymi-dzialaniami-do-lepszego-partnerstwa","status":"publish","type":"page","link":"https:\/\/archiwumsp1.zsobystrzyca.pl\/?page_id=445","title":{"rendered":"&#8222;Wsp\u00f3lnymi dzia\u0142aniami do lepszego partnerstwa&#8221;"},"content":{"rendered":"<div>\nW tym roku szkolnym nasza szko\u0142a realizuje projekt o wsp\u00f3\u0142pracy transgranicznej ze Szko\u0142\u0105 Podstawow\u0105 w Usti nad Orlici w Republice Czeskiej. W ramach projektu &#8222;Wsp\u00f3lnymi dzia\u0142aniami do lepszego partnerstwa&#8221; realizowane b\u0119d\u0105 dzia\u0142ania:<\/div>\n<div>1) &#8222;\u015acie\u017ckami rowerowymi po okolicach miasta Usti nad Orlici&#8221; &#8211; wyjazd uczni\u00f3w z opiekunami do Czech 18-23 wrze\u015bnia 2017r.<\/div>\n<div>2) &#8222;Dzie\u0144 Zabaw&#8221; w Usti nad Orlici \u00a08 listopada 2017r.<\/div>\n<div>3) Warsztaty Praktyczne- &#8222;Wystawa Bo\u017conarodzeniowa&#8221; w Zespole Szk\u00f3\u0142 Og\u00f3lnokszta\u0142c\u0105cych w Bystrzycy K\u0142odzkiej- grudzie\u0144 2017r.<\/div>\n<div>4) &#8222;Dzie\u0144 Ziemi&#8221;- wyjazd uczni\u00f3w i opiekun\u00f3w do Czech &#8211; kwiecie\u0144 2018r.<\/div>\n<div>5) &#8222;Dzie\u0144 Dziecka&#8221; w Zespole Szk\u00f3\u0142 Og\u00f3lnokszta\u0142c\u0105cych w Bystrzycy K\u0142odzkiej- czerwiec 2018r.<\/div>\n<div>\u00a0<img loading=\"lazy\" decoding=\"async\" class=\"alignnone size-medium wp-image-451\" style=\"font-size: 1rem; line-height: 28.8px;\" src=\"https:\/\/archiwumsp1.zsobystrzyca.pl\/wp-content\/uploads\/2017\/11\/LOGO-300x225.jpg\" alt=\"\" width=\"300\" height=\"225\" srcset=\"https:\/\/archiwumsp1.zsobystrzyca.pl\/wp-content\/uploads\/2017\/11\/LOGO-300x225.jpg 300w, https:\/\/archiwumsp1.zsobystrzyca.pl\/wp-content\/uploads\/2017\/11\/LOGO-768x576.jpg 768w, https:\/\/archiwumsp1.zsobystrzyca.pl\/wp-content\/uploads\/2017\/11\/LOGO-1024x768.jpg 1024w, https:\/\/archiwumsp1.zsobystrzyca.pl\/wp-content\/uploads\/2017\/11\/LOGO-960x720.jpg 960w, https:\/\/archiwumsp1.zsobystrzyca.pl\/wp-content\/uploads\/2017\/11\/LOGO.jpg 1600w\" sizes=\"(max-width: 300px) 100vw, 300px\" \/><\/div>\n<div>G\u0142\u00f3wnym celem projektu s\u0105 dzia\u0142ania wspieraj\u0105ce Polsko-Czeskie inicjatywy w sferze edukacji, historii, sportu rekreacji z akcentem na porozumiewanie si\u0119 w j\u0119zyku angielskim. Koordynatorem projektu jest Lidia Marczak- Pi\u0119tka.<\/div>\n<p>W dniu 8.11.2017 w ramach projektu polsko-czeskiego &#8222;Wsp\u00f3lnymi dzia\u0142aniami do lepszego partnerstwa&#8221; odby\u0142o si\u0119 spotkanie w Usti nad Orlici pt. &#8222;Dzie\u0144 zabaw&#8221;. Do Czech pojecha\u0142o 15 uczestnik\u00f3w z klas V i VI pod opiek\u0105 p. dyrektor Krystyny Magierowskiej Kaszy, p. vice-dyr Rafa\u0142 Marek, koordynatora Lidii Marczak &#8211; Pi\u0119tka. Uczniowie polscy i czescy zostali podzieleni na 2 grupy. Jedna grupa uczestniczy\u0142a w warsztatach j.angielskiego, druga w grach i zabawach sportowych.<br \/>\nW ramach integracji wszyscy uczestnicy zostali zaproszeni do pobliskiej restauracji na wsp\u00f3lny obiad, oraz rozegrali mecz w pi\u0142k\u0119 w pi\u0142k\u0119 no\u017cn\u0105 halow\u0105 oraz koszyk\u00f3wk\u0119. Na zako\u0144czenie uczniowie wymienili si\u0119 podarunkami zakupionymi z fundusz\u00f3w realizowanego projektu.<div id='gallery-1' class='gallery galleryid-445 gallery-columns-3 gallery-size-thumbnail'><figure class='gallery-item'>\n\t\t\t<div class='gallery-icon landscape'>\n\t\t\t\t<a href='https:\/\/archiwumsp1.zsobystrzyca.pl\/?attachment_id=488'><img loading=\"lazy\" decoding=\"async\" width=\"150\" height=\"150\" src=\"https:\/\/archiwumsp1.zsobystrzyca.pl\/wp-content\/uploads\/2017\/11\/P1010519-150x150.jpg\" class=\"attachment-thumbnail size-thumbnail\" alt=\"\" \/><\/a>\n\t\t\t<\/div><\/figure><figure class='gallery-item'>\n\t\t\t<div class='gallery-icon landscape'>\n\t\t\t\t<a href='https:\/\/archiwumsp1.zsobystrzyca.pl\/?attachment_id=492'><img loading=\"lazy\" decoding=\"async\" width=\"150\" height=\"150\" src=\"https:\/\/archiwumsp1.zsobystrzyca.pl\/wp-content\/uploads\/2017\/11\/P1010549-150x150.jpg\" class=\"attachment-thumbnail size-thumbnail\" alt=\"\" \/><\/a>\n\t\t\t<\/div><\/figure><figure class='gallery-item'>\n\t\t\t<div class='gallery-icon landscape'>\n\t\t\t\t<a href='https:\/\/archiwumsp1.zsobystrzyca.pl\/?attachment_id=491'><img loading=\"lazy\" decoding=\"async\" width=\"150\" height=\"150\" src=\"https:\/\/archiwumsp1.zsobystrzyca.pl\/wp-content\/uploads\/2017\/11\/P1010545-150x150.jpg\" class=\"attachment-thumbnail size-thumbnail\" alt=\"\" \/><\/a>\n\t\t\t<\/div><\/figure><figure class='gallery-item'>\n\t\t\t<div class='gallery-icon landscape'>\n\t\t\t\t<a href='https:\/\/archiwumsp1.zsobystrzyca.pl\/?attachment_id=490'><img loading=\"lazy\" decoding=\"async\" width=\"150\" height=\"150\" src=\"https:\/\/archiwumsp1.zsobystrzyca.pl\/wp-content\/uploads\/2017\/11\/P1010533-150x150.jpg\" class=\"attachment-thumbnail size-thumbnail\" alt=\"\" \/><\/a>\n\t\t\t<\/div><\/figure><figure class='gallery-item'>\n\t\t\t<div class='gallery-icon landscape'>\n\t\t\t\t<a href='https:\/\/archiwumsp1.zsobystrzyca.pl\/?attachment_id=489'><img loading=\"lazy\" decoding=\"async\" width=\"150\" height=\"150\" src=\"https:\/\/archiwumsp1.zsobystrzyca.pl\/wp-content\/uploads\/2017\/11\/P1010531-150x150.jpg\" class=\"attachment-thumbnail size-thumbnail\" alt=\"\" \/><\/a>\n\t\t\t<\/div><\/figure>\n\t\t<\/div>\n<\/p>\n","protected":false},"excerpt":{"rendered":"<p>W tym roku szkolnym nasza szko\u0142a realizuje projekt o wsp\u00f3\u0142pracy transgranicznej ze Szko\u0142\u0105 Podstawow\u0105 w Usti nad Orlici w Republice Czeskiej. W ramach projektu &#8222;Wsp\u00f3lnymi dzia\u0142aniami do lepszego partnerstwa&#8221; realizowane b\u0119d\u0105 dzia\u0142ania: 1) &#8222;\u015acie\u017ckami rowerowymi&#8230;<\/p>\n","protected":false},"author":1,"featured_media":0,"parent":428,"menu_order":0,"comment_status":"closed","ping_status":"closed","template":"","meta":{"footnotes":""},"_links":{"self":[{"href":"https:\/\/archiwumsp1.zsobystrzyca.pl\/index.php?rest_route=\/wp\/v2\/pages\/445"}],"collection":[{"href":"https:\/\/archiwumsp1.zsobystrzyca.pl\/index.php?rest_route=\/wp\/v2\/pages"}],"about":[{"href":"https:\/\/archiwumsp1.zsobystrzyca.pl\/index.php?rest_route=\/wp\/v2\/types\/page"}],"author":[{"embeddable":true,"href":"https:\/\/archiwumsp1.zsobystrzyca.pl\/index.php?rest_route=\/wp\/v2\/users\/1"}],"replies":[{"embeddable":true,"href":"https:\/\/archiwumsp1.zsobystrzyca.pl\/index.php?rest_route=%2Fwp%2Fv2%2Fcomments&post=445"}],"version-history":[{"count":7,"href":"https:\/\/archiwumsp1.zsobystrzyca.pl\/index.php?rest_route=\/wp\/v2\/pages\/445\/revisions"}],"predecessor-version":[{"id":498,"href":"https:\/\/archiwumsp1.zsobystrzyca.pl\/index.php?rest_route=\/wp\/v2\/pages\/445\/revisions\/498"}],"up":[{"embeddable":true,"href":"https:\/\/archiwumsp1.zsobystrzyca.pl\/index.php?rest_route=\/wp\/v2\/pages\/428"}],"wp:attachment":[{"href":"https:\/\/archiwumsp1.zsobystrzyca.pl\/index.php?rest_route=%2Fwp%2Fv2%2Fmedia&parent=445"}],"curies":[{"name":"wp","href":"https:\/\/api.w.org\/{rel}","templated":true}]}}

&#8222;Wspólnymi działaniami do lepszego partnerstwa&#8221;

<div>
W tym roku szkolnym nasza szkoła realizuje projekt o współpracy transgranicznej ze Szkołą Podstawową w Usti nad Orlici w Republice Czeskiej. W ramach projektu &#8222;Wspólnymi działaniami do lepszego partnerstwa&#8221; realizowane będą działania:</div>
<div>1) &#8222;Ścieżkami rowerowymi po okolicach miasta Usti nad Orlici&#8221; &#8211; wyjazd uczniów z opiekunami do Czech 18-23 września 2017r.</div>
<div>2) &#8222;Dzień Zabaw&#8221; w Usti nad Orlici  8 listopada 2017r.</div>
<div>3) Warsztaty Praktyczne- &#8222;Wystawa Bożonarodzeniowa&#8221; w Zespole Szkół Ogólnokształcących w Bystrzycy Kłodzkiej- grudzień 2017r.</div>
<div>4) &#8222;Dzień Ziemi&#8221;- wyjazd uczniów i opiekunów do Czech &#8211; kwiecień 2018r.</div>
<div>5) &#8222;Dzień Dziecka&#8221; w Zespole Szkół Ogólnokształcących w Bystrzycy Kłodzkiej- czerwiec 2018r.</div>
<div> <img loading="lazy" decoding="async" class="alignnone size-medium wp-image-451" style="font-size: 1rem; line-height: 28.8px;" src="https://archiwumsp1.zsobystrzyca.pl/wp-content/uploads/2017/11/LOGO-300x225.jpg" alt="" width="300" height="225" srcset="https://archiwumsp1.zsobystrzyca.pl/wp-content/uploads/2017/11/LOGO-300x225.jpg 300w, https://archiwumsp1.zsobystrzyca.pl/wp-content/uploads/2017/11/LOGO-768x576.jpg 768w, https://archiwumsp1.zsobystrzyca.pl/wp-content/uploads/2017/11/LOGO-1024x768.jpg 1024w, https://archiwumsp1.zsobystrzyca.pl/wp-content/uploads/2017/11/LOGO-960x720.jpg 960w, https://archiwumsp1.zsobystrzyca.pl/wp-content/uploads/2017/11/LOGO.jpg 1600w" sizes="(max-width: 300px) 100vw, 300px" /></div>
<div>Głównym celem projektu są działania wspierające Polsko-Czeskie inicjatywy w sferze edukacji, historii, sportu rekreacji z akcentem na porozumiewanie się w języku angielskim. Koordynatorem projektu jest Lidia Marczak- Piętka.</div>
<p>W dniu 8.11.2017 w ramach projektu polsko-czeskiego &#8222;Wspólnymi działaniami do lepszego partnerstwa&#8221; odbyło się spotkanie w Usti nad Orlici pt. &#8222;Dzień zabaw&#8221;. Do Czech pojechało 15 uczestników z klas V i VI pod opieką p. dyrektor Krystyny Magierowskiej Kaszy, p. vice-dyr Rafał Marek, koordynatora Lidii Marczak &#8211; Piętka. Uczniowie polscy i czescy zostali podzieleni na 2 grupy. Jedna grupa uczestniczyła w warsztatach j.angielskiego, druga w grach i zabawach sportowych.<br />
W ramach integracji wszyscy uczestnicy zostali zaproszeni do pobliskiej restauracji na wspólny obiad, oraz rozegrali mecz w piłkę w piłkę nożną halową oraz koszykówkę. Na zakończenie uczniowie wymienili się podarunkami zakupionymi z funduszów realizowanego projektu.<div id='gallery-1' class='gallery galleryid-445 gallery-columns-3 gallery-size-thumbnail'><figure class='gallery-item'>
			<div class='gallery-icon landscape'>
				<a href='https://archiwumsp1.zsobystrzyca.pl/?attachment_id=488'><img loading="lazy" decoding="async" width="150" height="150" src="https://archiwumsp1.zsobystrzyca.pl/wp-content/uploads/2017/11/P1010519-150x150.jpg" class="attachment-thumbnail size-thumbnail" alt="" /></a>
			</div></figure><figure class='gallery-item'>
			<div class='gallery-icon landscape'>
				<a href='https://archiwumsp1.zsobystrzyca.pl/?attachment_id=492'><img loading="lazy" decoding="async" width="150" height="150" src="https://archiwumsp1.zsobystrzyca.pl/wp-content/uploads/2017/11/P1010549-150x150.jpg" class="attachment-thumbnail size-thumbnail" alt="" /></a>
			</div></figure><figure class='gallery-item'>
			<div class='gallery-icon landscape'>
				<a href='https://archiwumsp1.zsobystrzyca.pl/?attachment_id=491'><img loading="lazy" decoding="async" width="150" height="150" src="https://archiwumsp1.zsobystrzyca.pl/wp-content/uploads/2017/11/P1010545-150x150.jpg" class="attachment-thumbnail size-thumbnail" alt="" /></a>
			</div></figure><figure class='gallery-item'>
			<div class='gallery-icon landscape'>
				<a href='https://archiwumsp1.zsobystrzyca.pl/?attachment_id=490'><img loading="lazy" decoding="async" width="150" height="150" src="https://archiwumsp1.zsobystrzyca.pl/wp-content/uploads/2017/11/P1010533-150x150.jpg" class="attachment-thumbnail size-thumbnail" alt="" /></a>
			</div></figure><figure class='gallery-item'>
			<div class='gallery-icon landscape'>
				<a href='https://archiwumsp1.zsobystrzyca.pl/?attachment_id=489'><img loading="lazy" decoding="async" width="150" height="150" src="https://archiwumsp1.zsobystrzyca.pl/wp-content/uploads/2017/11/P1010531-150x150.jpg" class="attachment-thumbnail size-thumbnail" alt="" /></a>
			</div></figure>
		</div>
</p>

<p>W tym roku szkolnym nasza szkoła realizuje projekt o współpracy transgranicznej ze Szkołą Podstawową w Usti nad Orlici w Republice Czeskiej. W ramach projektu &#8222;Wspólnymi działaniami do lepszego partnerstwa&#8221; realizowane będą działania: 1) &#8222;Ścieżkami rowerowymi&#8230;</p>
