{"id":1971,"date":"2020-10-30T15:52:26","date_gmt":"2020-10-30T14:52:26","guid":{"rendered":"https:\/\/archiwumsp1.zsobystrzyca.pl\/?page_id=1971"},"modified":"2020-10-30T15:53:23","modified_gmt":"2020-10-30T14:53:23","slug":"szkola-pamieta","status":"publish","type":"page","link":"https:\/\/archiwumsp1.zsobystrzyca.pl\/?page_id=1971","title":{"rendered":"&#8222;Szko\u0142a Pami\u0119ta&#8221;"},"content":{"rendered":"\n<p><strong>Kolejny rok nasza szko\u0142a bierze udzia\u0142 w akcji &#8222;Szko\u0142a Pami\u0119ta&#8221;. Z okazji Dnia Wszystkich \u015awi\u0119tych wspominamy bohater\u00f3w naszej ma\u0142ej ojczyzny<\/strong>. <\/p>\n\n\n\n<p><strong>Przedstawiamy prezentacje przygotowane przez naszych uczni\u00f3w.<\/strong><\/p>\n\n\n\n<figure class=\"wp-block-image size-large is-resized\"><img loading=\"lazy\" decoding=\"async\" src=\"https:\/\/archiwumsp1.zsobystrzyca.pl\/wp-content\/uploads\/2020\/10\/Jan-liwacz.png\" alt=\"\" class=\"wp-image-1977\" width=\"201\" height=\"281\"\/><figcaption>Jan Liwacz<\/figcaption><\/figure>\n\n\n\n<div class=\"wp-block-file\"><a href=\"https:\/\/archiwumsp1.zsobystrzyca.pl\/wp-content\/uploads\/2020\/10\/Prezentacja.pptx\"><strong>Jan Liwacz<\/strong><\/a><a href=\"https:\/\/archiwumsp1.zsobystrzyca.pl\/wp-content\/uploads\/2020\/10\/Prezentacja.pptx\" class=\"wp-block-file__button\" download>Pobierz<\/a><\/div>\n\n\n\n<figure class=\"wp-block-image size-large is-resized\"><img loading=\"lazy\" decoding=\"async\" src=\"https:\/\/archiwumsp1.zsobystrzyca.pl\/wp-content\/uploads\/2020\/10\/Emil-Czech.jpg\" alt=\"\" class=\"wp-image-1975\" width=\"243\" height=\"301\" srcset=\"https:\/\/archiwumsp1.zsobystrzyca.pl\/wp-content\/uploads\/2020\/10\/Emil-Czech.jpg 746w, https:\/\/archiwumsp1.zsobystrzyca.pl\/wp-content\/uploads\/2020\/10\/Emil-Czech-242x300.jpg 242w, https:\/\/archiwumsp1.zsobystrzyca.pl\/wp-content\/uploads\/2020\/10\/Emil-Czech-655x812.jpg 655w\" sizes=\"(max-width: 243px) 100vw, 243px\" \/><figcaption>Emil Czech<\/figcaption><\/figure>\n\n\n\n<div class=\"wp-block-file\"><a href=\"https:\/\/archiwumsp1.zsobystrzyca.pl\/wp-content\/uploads\/2020\/10\/Emil-Czech.pptx\"><strong>Emil Czech<\/strong><\/a><a href=\"https:\/\/archiwumsp1.zsobystrzyca.pl\/wp-content\/uploads\/2020\/10\/Emil-Czech.pptx\" class=\"wp-block-file__button\" download>Pobierz<\/a><\/div>\n\n\n\n<figure class=\"wp-block-image size-large is-resized\"><img loading=\"lazy\" decoding=\"async\" src=\"https:\/\/archiwumsp1.zsobystrzyca.pl\/wp-content\/uploads\/2020\/10\/Charchut-698x1024.png\" alt=\"\" class=\"wp-image-1976\" width=\"299\" height=\"439\" srcset=\"https:\/\/archiwumsp1.zsobystrzyca.pl\/wp-content\/uploads\/2020\/10\/Charchut-698x1024.png 698w, https:\/\/archiwumsp1.zsobystrzyca.pl\/wp-content\/uploads\/2020\/10\/Charchut-204x300.png 204w, https:\/\/archiwumsp1.zsobystrzyca.pl\/wp-content\/uploads\/2020\/10\/Charchut-655x961.png 655w, https:\/\/archiwumsp1.zsobystrzyca.pl\/wp-content\/uploads\/2020\/10\/Charchut.png 702w\" sizes=\"(max-width: 299px) 100vw, 299px\" \/><figcaption>Kazimierz Charchut<\/figcaption><\/figure>\n\n\n\n<div class=\"wp-block-file\"><a href=\"https:\/\/archiwumsp1.zsobystrzyca.pl\/wp-content\/uploads\/2020\/10\/Kazimierz-Charchut.pptx\"><strong>Kazimierz Charchut<\/strong><\/a><a href=\"https:\/\/archiwumsp1.zsobystrzyca.pl\/wp-content\/uploads\/2020\/10\/Kazimierz-Charchut.pptx\" class=\"wp-block-file__button\" download>Pobierz<\/a><\/div>\n\n\n\n<p><\/p>\n","protected":false},"excerpt":{"rendered":"<p>Kolejny rok nasza szko\u0142a bierze udzia\u0142 w akcji &#8222;Szko\u0142a Pami\u0119ta&#8221;. Z okazji Dnia Wszystkich \u015awi\u0119tych wspominamy bohater\u00f3w naszej ma\u0142ej ojczyzny. Przedstawiamy prezentacje przygotowane przez naszych uczni\u00f3w.<\/p>\n","protected":false},"author":3,"featured_media":0,"parent":0,"menu_order":0,"comment_status":"closed","ping_status":"closed","template":"","meta":{"footnotes":""},"_links":{"self":[{"href":"https:\/\/archiwumsp1.zsobystrzyca.pl\/index.php?rest_route=\/wp\/v2\/pages\/1971"}],"collection":[{"href":"https:\/\/archiwumsp1.zsobystrzyca.pl\/index.php?rest_route=\/wp\/v2\/pages"}],"about":[{"href":"https:\/\/archiwumsp1.zsobystrzyca.pl\/index.php?rest_route=\/wp\/v2\/types\/page"}],"author":[{"embeddable":true,"href":"https:\/\/archiwumsp1.zsobystrzyca.pl\/index.php?rest_route=\/wp\/v2\/users\/3"}],"replies":[{"embeddable":true,"href":"https:\/\/archiwumsp1.zsobystrzyca.pl\/index.php?rest_route=%2Fwp%2Fv2%2Fcomments&post=1971"}],"version-history":[{"count":2,"href":"https:\/\/archiwumsp1.zsobystrzyca.pl\/index.php?rest_route=\/wp\/v2\/pages\/1971\/revisions"}],"predecessor-version":[{"id":1980,"href":"https:\/\/archiwumsp1.zsobystrzyca.pl\/index.php?rest_route=\/wp\/v2\/pages\/1971\/revisions\/1980"}],"wp:attachment":[{"href":"https:\/\/archiwumsp1.zsobystrzyca.pl\/index.php?rest_route=%2Fwp%2Fv2%2Fmedia&parent=1971"}],"curies":[{"name":"wp","href":"https:\/\/api.w.org\/{rel}","templated":true}]}}

&#8222;Szkoła Pamięta&#8221;

<p><strong>Kolejny rok nasza szkoła bierze udział w akcji &#8222;Szkoła Pamięta&#8221;. Z okazji Dnia Wszystkich Świętych wspominamy bohaterów naszej małej ojczyzny</strong>. </p>



<p><strong>Przedstawiamy prezentacje przygotowane przez naszych uczniów.</strong></p>



<figure class="wp-block-image size-large is-resized"><img loading="lazy" decoding="async" src="https://archiwumsp1.zsobystrzyca.pl/wp-content/uploads/2020/10/Jan-liwacz.png" alt="" class="wp-image-1977" width="201" height="281"/><figcaption>Jan Liwacz</figcaption></figure>



<div class="wp-block-file"><a href="https://archiwumsp1.zsobystrzyca.pl/wp-content/uploads/2020/10/Prezentacja.pptx"><strong>Jan Liwacz</strong></a><a href="https://archiwumsp1.zsobystrzyca.pl/wp-content/uploads/2020/10/Prezentacja.pptx" class="wp-block-file__button" download>Pobierz</a></div>



<figure class="wp-block-image size-large is-resized"><img loading="lazy" decoding="async" src="https://archiwumsp1.zsobystrzyca.pl/wp-content/uploads/2020/10/Emil-Czech.jpg" alt="" class="wp-image-1975" width="243" height="301" srcset="https://archiwumsp1.zsobystrzyca.pl/wp-content/uploads/2020/10/Emil-Czech.jpg 746w, https://archiwumsp1.zsobystrzyca.pl/wp-content/uploads/2020/10/Emil-Czech-242x300.jpg 242w, https://archiwumsp1.zsobystrzyca.pl/wp-content/uploads/2020/10/Emil-Czech-655x812.jpg 655w" sizes="(max-width: 243px) 100vw, 243px" /><figcaption>Emil Czech</figcaption></figure>



<div class="wp-block-file"><a href="https://archiwumsp1.zsobystrzyca.pl/wp-content/uploads/2020/10/Emil-Czech.pptx"><strong>Emil Czech</strong></a><a href="https://archiwumsp1.zsobystrzyca.pl/wp-content/uploads/2020/10/Emil-Czech.pptx" class="wp-block-file__button" download>Pobierz</a></div>



<figure class="wp-block-image size-large is-resized"><img loading="lazy" decoding="async" src="https://archiwumsp1.zsobystrzyca.pl/wp-content/uploads/2020/10/Charchut-698x1024.png" alt="" class="wp-image-1976" width="299" height="439" srcset="https://archiwumsp1.zsobystrzyca.pl/wp-content/uploads/2020/10/Charchut-698x1024.png 698w, https://archiwumsp1.zsobystrzyca.pl/wp-content/uploads/2020/10/Charchut-204x300.png 204w, https://archiwumsp1.zsobystrzyca.pl/wp-content/uploads/2020/10/Charchut-655x961.png 655w, https://archiwumsp1.zsobystrzyca.pl/wp-content/uploads/2020/10/Charchut.png 702w" sizes="(max-width: 299px) 100vw, 299px" /><figcaption>Kazimierz Charchut</figcaption></figure>



<div class="wp-block-file"><a href="https://archiwumsp1.zsobystrzyca.pl/wp-content/uploads/2020/10/Kazimierz-Charchut.pptx"><strong>Kazimierz Charchut</strong></a><a href="https://archiwumsp1.zsobystrzyca.pl/wp-content/uploads/2020/10/Kazimierz-Charchut.pptx" class="wp-block-file__button" download>Pobierz</a></div>



<p></p>

<p>Kolejny rok nasza szkoła bierze udział w akcji &#8222;Szkoła Pamięta&#8221;. Z okazji Dnia Wszystkich Świętych wspominamy bohaterów naszej małej ojczyzny. Przedstawiamy prezentacje przygotowane przez naszych uczniów.</p>
