{"id":1690,"date":"2019-09-15T17:54:52","date_gmt":"2019-09-15T16:54:52","guid":{"rendered":"https:\/\/archiwumsp1.zsobystrzyca.pl\/?page_id=1690"},"modified":"2023-10-16T09:24:17","modified_gmt":"2023-10-16T08:24:17","slug":"klauzula-informacyjna-monitoring-wizyjny","status":"publish","type":"page","link":"https:\/\/archiwumsp1.zsobystrzyca.pl\/?page_id=1690","title":{"rendered":"Monitoring wizyjny"},"content":{"rendered":"\r\n<p>W zwi\u0105zku z zapisami art. 13 ROZPORZ\u0104DZENIA PARLAMENTU EUROPEJSKIEGO I RADY (UE) 2016\/679 z dnia 27 kwietnia 2016 r. w sprawie ochrony os\u00f3b fizycznych w zwi\u0105zku z przetwarzaniem danych osobowych i w sprawie swobodnego przep\u0142ywu takich danych oraz uchylenia dyrektywy 95\/46\/WE (og\u00f3lne rozporz\u0105dzenie o ochronie danych) (Dz. U. UE. z 2016 r., L 119, poz. 1) informujemy, \u017ce:<\/p>\r\n\r\n\r\n\r\n<p>1. Administratorem Pa\u0144stwa danych osobowych przetwarzanych w systemie monitoringu wizyjnego jest: Dyrektor Zespo\u0142u Szk\u00f3\u0142 Og\u00f3lnokszta\u0142c\u0105cych w Bystrzycy K\u0142odzkiej, ul. Sempo\u0142owskiej 13, 57-500 Bystrzyca K\u0142odzka. 2. W Zespole Szk\u00f3\u0142 Og\u00f3lnokszta\u0142c\u0105cych funkcjonuje Inspektor Ochrony Danych Osobowych, z kt\u00f3rym mo\u017cna skontaktowa\u0107 si\u0119 w sprawach zwi\u0105zanych z przetwarzaniem danych przy u\u017cyciu poczty elektronicznej na adres:\u00a0<a href=\"mailto:iodumig@bystrzycaklodzka.pl\" target=\"_blank\" rel=\"noreferrer noopener\">iodumig@bystrzycaklodzka.pl<\/a>, a tak\u017ce korespondencyjnie na adres: Zesp\u00f3\u0142 Szk\u00f3\u0142 Og\u00f3lnokszta\u0142c\u0105cych w Bystrzycy K\u0142odzkiej, ul. Sempo\u0142owskiej 13, 57-500 Bystrzyca K\u0142odzka.<\/p>\r\n\r\n\r\n\r\n<p>3. Administrator danych osobowych gromadzi Pa\u0144stwa dane w systemie monitoringu wizyjnego w celu zapewnienia bezpiecze\u0144stwa osobom przebywaj\u0105cym w budynku Szko\u0142y oraz jego najbli\u017cszym otoczeniu, zapewnienia bezpiecze\u0144stwa infrastruktury i zasob\u00f3w nale\u017c\u0105cych do administratora.<\/p>\r\n\r\n\r\n\r\n<p>4. Podstaw\u0105 do przetwarzania danych jest art. 6 ust. 1 lit. b) ww. rozporz\u0105dzenia.<\/p>\r\n\r\n\r\n\r\n<p>5. Administrator przetwarza Pa\u0144stwa dane osobowe w \u015bci\u015ble okre\u015blonym, minimalnym zakresie niezb\u0119dnym do osi\u0105gni\u0119cia cel\u00f3w, dla kt\u00f3rych zosta\u0142y zebrane.<\/p>\r\n\r\n\r\n\r\n<p>6 .W szczeg\u00f3lnych sytuacjach (np. zdarzenia naruszaj\u0105ce bezpiecze\u0144stwo os\u00f3b) Administrator mo\u017ce udost\u0119pni\u0107 Pa\u0144stwa dane w postaci wizerunku innym podmiotom, uprawnionym do ich otrzymania na mocy przepis\u00f3w prawa (np. Policji).<\/p>\r\n\r\n\r\n\r\n<p>7. Dane osobowe przetwarzane przez Administratora przechowywane b\u0119d\u0105 przez okres niezb\u0119dny do realizacji cel\u00f3w dla jakich zosta\u0142y zebrane, nie d\u0142u\u017cej ni\u017c przez okres 3 miesi\u0119cy od chwili ich utrwalenia.<\/p>\r\n\r\n\r\n\r\n<p>8. Dane osobowe nie b\u0119d\u0105 przekazywane do pa\u0144stwa trzeciego\/organizacji mi\u0119dzynarodowej.<\/p>\r\n\r\n\r\n\r\n<p>9. Przetwarzanie danych nie podlega zautomatyzowanemu podejmowaniu decyzji.<\/p>\r\n\r\n\r\n\r\n<p>10. Ka\u017cda osoba, z wyj\u0105tkami zastrze\u017conymi przepisami prawa, ma mo\u017cliwo\u015b\u0107 dost\u0119pu do danych osobowych jej dotycz\u0105cych, usuni\u0119cia lub ograniczenia przetwarzania, wniesienia sprzeciwu wobec przetwarzania.<\/p>\r\n\r\n\r\n\r\n<p>11. Przys\u0142uguje Pa\u0144stwu prawo wniesienia skargi do organu nadzorczego na niezgodne z RODO przetwarzanie Pa\u0144stwa danych osobowych przez Administratora. Organem w\u0142a\u015bciwym dla ww. skargi jest: Prezes Urz\u0119du Ochrony Danych Osobowych, ul. Stawki 2, 00-193 Warszawa.<\/p>\r\n<p style=\"text-align: center;\"><span style=\"font-size: 24pt;\">Wykorzystanie wizerunku w mediach<\/span><\/p>\r\n<ol>\r\n<li>Administratorem Danych Osobowych jest Zesp\u00f3\u0142 Szk\u00f3\u0142 Og\u00f3lnokszta\u0142c\u0105cych w Bystrzycy K\u0142odzkiej,<br \/>ul. Stefanii Sempo\u0142owskiej 13, sekretariat@zso.bystrzyca.eu, tel. 74 644 28 40<\/li>\r\n<li>Z Inspektorem Ochrony Danych mo\u017cna kontaktowa\u0107 si\u0119 za po\u015brednictwem poczty elektronicznej<br \/>iodumig@bystrzycaklodzka.pl<\/li>\r\n<li>W zwi\u0105zku z organizacj\u0105 konkurs\u00f3w, warsztat\u00f3w, uroczysto\u015bci szkolnych, zawod\u00f3w sportowych<br \/>itp. administrator przetwarza dane osobowe uczestnik\u00f3w \u2013 autor\u00f3w prac konkursowych (ich<br \/>rodzic\u00f3w\/ opiekun\u00f3w prawnych) na podstawie art. 6 ust. 1 lit a RODO w zw. z art. 81 ustawy prawo autorskie i prawach pokrewnych \u2013 w tym w zakresie przetwarzania danych osobowych takich jak wizerunek i jego p\u00f3\u017aniejsze rozpowszechnianie;<\/li>\r\n<li>Pani\/a dane b\u0119d\u0105 przetwarzane do czasu ustania cel\u00f3w promocyjnych i edukacyjnych lub<br \/>wycofania zgody. W zwi\u0105zku z obron\u0105 przed roszczeniami dane mog\u0105 by\u0107 przetwarzane do czasu ich przedawnienia.<\/li>\r\n<li>Pani\/a dane b\u0119d\u0105 przetwarzane w celu prowadzenia komunikacji i promocji w ramach fanpage<br \/>oraz kana\u0142\u00f3w Administratora Danych Osobowych w serwisach Facebook, YouTube oraz Instagram, w szczeg\u00f3lno\u015bci odpowiedzi na reakcje, komentarze oraz prywatne wiadomo\u015bci, a tak\u017ce w celach statystycznych oraz reklamowych realizowanych za po\u015brednictwem narz\u0119dzi reklamowych w ramach wskazanych serwis\u00f3w.<br \/>Odbiorcami Pani\/a danych osobowych mog\u0105 by\u0107 wy\u0142\u0105cznie podmioty, kt\u00f3re uprawnione s\u0105 do ich otrzymania na mocy przepis\u00f3w prawa. Ponadto Pani\/a dane mog\u0105 by\u0107 udost\u0119pnione:<br \/>Meta Platforms Ireland Limited (4 Grand Canal Square, Grand Canal<br \/>Harbour, Dublin 2 Irlandia).<br \/>Zasady przetwarzania Pani\/a danych osobowych przez Meta Platforms Ireland s\u0105 dost\u0119pne<br \/>na stronie:\u00a0<a role=\"link\" href=\"https:\/\/www.facebook.com\/privacy\/explanation\" target=\"\" rel=\"noopener\">https:\/\/www.facebook.com\/privacy\/explanation<\/a><\/li>\r\n<li>Ma Pan\/i prawo do:<br \/>a) dost\u0119pu do tre\u015bci danych osobowych oraz ich sprostowania, \u017c\u0105dania usuni\u0119cia, ograniczenia<br \/>przetwarzania, do przenoszenia danych, wniesienia sprzeciwu, do cofni\u0119cia zgody w dowolnym<br \/>momencie bez wp\u0142ywu na zgodno\u015b\u0107 z prawem przetwarzania, kt\u00f3rego dokonano na podstawie zgody przed jej cofni\u0119ciem,<br \/>b) do wniesienia skargi do organu nadzorczego \u2013 do Prezesa Urz\u0119du Ochrony Danych<br \/>Osobowych, w razie uznania (przez Pani\u0105\/Pana), \u017ce przetwarzanie danych osobowych<br \/>dotycz\u0105cych Pana\/i lub uczestnika narusza przepisy RODO.<\/li>\r\n<li>Podanie przez Pana\/Pani\u0105 danych osobowych jest w pe\u0142ni dobrowolne.<\/li>\r\n<li>Podane dane osobowe nie b\u0119d\u0105 przetwarzane w spos\u00f3b zautomatyzowany i nie b\u0119d\u0105<br \/>profilowane.<\/li>\r\n<\/ol>\r\n","protected":false},"excerpt":{"rendered":"<p>W zwi\u0105zku z zapisami art. 13 ROZPORZ\u0104DZENIA PARLAMENTU EUROPEJSKIEGO I RADY (UE) 2016\/679 z dnia 27 kwietnia 2016 r. w sprawie ochrony os\u00f3b fizycznych w zwi\u0105zku z przetwarzaniem danych osobowych i w sprawie swobodnego przep\u0142ywu&#8230;<\/p>\n","protected":false},"author":2,"featured_media":0,"parent":0,"menu_order":0,"comment_status":"closed","ping_status":"closed","template":"","meta":{"footnotes":""},"_links":{"self":[{"href":"https:\/\/archiwumsp1.zsobystrzyca.pl\/index.php?rest_route=\/wp\/v2\/pages\/1690"}],"collection":[{"href":"https:\/\/archiwumsp1.zsobystrzyca.pl\/index.php?rest_route=\/wp\/v2\/pages"}],"about":[{"href":"https:\/\/archiwumsp1.zsobystrzyca.pl\/index.php?rest_route=\/wp\/v2\/types\/page"}],"author":[{"embeddable":true,"href":"https:\/\/archiwumsp1.zsobystrzyca.pl\/index.php?rest_route=\/wp\/v2\/users\/2"}],"replies":[{"embeddable":true,"href":"https:\/\/archiwumsp1.zsobystrzyca.pl\/index.php?rest_route=%2Fwp%2Fv2%2Fcomments&post=1690"}],"version-history":[{"count":5,"href":"https:\/\/archiwumsp1.zsobystrzyca.pl\/index.php?rest_route=\/wp\/v2\/pages\/1690\/revisions"}],"predecessor-version":[{"id":2375,"href":"https:\/\/archiwumsp1.zsobystrzyca.pl\/index.php?rest_route=\/wp\/v2\/pages\/1690\/revisions\/2375"}],"wp:attachment":[{"href":"https:\/\/archiwumsp1.zsobystrzyca.pl\/index.php?rest_route=%2Fwp%2Fv2%2Fmedia&parent=1690"}],"curies":[{"name":"wp","href":"https:\/\/api.w.org\/{rel}","templated":true}]}}

<p>W związku z zapisami art. 13 ROZPORZĄDZENIA PARLAMENTU EUROPEJSKIEGO I RADY (UE) 2016/679 z dnia 27 kwietnia 2016 r. w sprawie ochrony osób fizycznych w związku z przetwarzaniem danych osobowych i w sprawie swobodnego przepływu takich danych oraz uchylenia dyrektywy 95/46/WE (ogólne rozporządzenie o ochronie danych) (Dz. U. UE. z 2016 r., L 119, poz. 1) informujemy, że:</p>



<p>1. Administratorem Państwa danych osobowych przetwarzanych w systemie monitoringu wizyjnego jest: Dyrektor Zespołu Szkół Ogólnokształcących w Bystrzycy Kłodzkiej, ul. Sempołowskiej 13, 57-500 Bystrzyca Kłodzka. 2. W Zespole Szkół Ogólnokształcących funkcjonuje Inspektor Ochrony Danych Osobowych, z którym można skontaktować się w sprawach związanych z przetwarzaniem danych przy użyciu poczty elektronicznej na adres: <a href="mailto:iodumig@bystrzycaklodzka.pl" target="_blank" rel="noreferrer noopener">iodumig@bystrzycaklodzka.pl</a>, a także korespondencyjnie na adres: Zespół Szkół Ogólnokształcących w Bystrzycy Kłodzkiej, ul. Sempołowskiej 13, 57-500 Bystrzyca Kłodzka.</p>



<p>3. Administrator danych osobowych gromadzi Państwa dane w systemie monitoringu wizyjnego w celu zapewnienia bezpieczeństwa osobom przebywającym w budynku Szkoły oraz jego najbliższym otoczeniu, zapewnienia bezpieczeństwa infrastruktury i zasobów należących do administratora.</p>



<p>4. Podstawą do przetwarzania danych jest art. 6 ust. 1 lit. b) ww. rozporządzenia.</p>



<p>5. Administrator przetwarza Państwa dane osobowe w ściśle określonym, minimalnym zakresie niezbędnym do osiągnięcia celów, dla których zostały zebrane.</p>



<p>6 .W szczególnych sytuacjach (np. zdarzenia naruszające bezpieczeństwo osób) Administrator może udostępnić Państwa dane w postaci wizerunku innym podmiotom, uprawnionym do ich otrzymania na mocy przepisów prawa (np. Policji).</p>



<p>7. Dane osobowe przetwarzane przez Administratora przechowywane będą przez okres niezbędny do realizacji celów dla jakich zostały zebrane, nie dłużej niż przez okres 3 miesięcy od chwili ich utrwalenia.</p>



<p>8. Dane osobowe nie będą przekazywane do państwa trzeciego/organizacji międzynarodowej.</p>



<p>9. Przetwarzanie danych nie podlega zautomatyzowanemu podejmowaniu decyzji.</p>



<p>10. Każda osoba, z wyjątkami zastrzeżonymi przepisami prawa, ma możliwość dostępu do danych osobowych jej dotyczących, usunięcia lub ograniczenia przetwarzania, wniesienia sprzeciwu wobec przetwarzania.</p>



<p>11. Przysługuje Państwu prawo wniesienia skargi do organu nadzorczego na niezgodne z RODO przetwarzanie Państwa danych osobowych przez Administratora. Organem właściwym dla ww. skargi jest: Prezes Urzędu Ochrony Danych Osobowych, ul. Stawki 2, 00-193 Warszawa.</p>
<p style="text-align: center;"><span style="font-size: 24pt;">Wykorzystanie wizerunku w mediach</span></p>
<ol>
<li>Administratorem Danych Osobowych jest Zespół Szkół Ogólnokształcących w Bystrzycy Kłodzkiej,<br />ul. Stefanii Sempołowskiej 13, sekretariat@zso.bystrzyca.eu, tel. 74 644 28 40</li>
<li>Z Inspektorem Ochrony Danych można kontaktować się za pośrednictwem poczty elektronicznej<br />iodumig@bystrzycaklodzka.pl</li>
<li>W związku z organizacją konkursów, warsztatów, uroczystości szkolnych, zawodów sportowych<br />itp. administrator przetwarza dane osobowe uczestników – autorów prac konkursowych (ich<br />rodziców/ opiekunów prawnych) na podstawie art. 6 ust. 1 lit a RODO w zw. z art. 81 ustawy prawo autorskie i prawach pokrewnych – w tym w zakresie przetwarzania danych osobowych takich jak wizerunek i jego późniejsze rozpowszechnianie;</li>
<li>Pani/a dane będą przetwarzane do czasu ustania celów promocyjnych i edukacyjnych lub<br />wycofania zgody. W związku z obroną przed roszczeniami dane mogą być przetwarzane do czasu ich przedawnienia.</li>
<li>Pani/a dane będą przetwarzane w celu prowadzenia komunikacji i promocji w ramach fanpage<br />oraz kanałów Administratora Danych Osobowych w serwisach Facebook, YouTube oraz Instagram, w szczególności odpowiedzi na reakcje, komentarze oraz prywatne wiadomości, a także w celach statystycznych oraz reklamowych realizowanych za pośrednictwem narzędzi reklamowych w ramach wskazanych serwisów.<br />Odbiorcami Pani/a danych osobowych mogą być wyłącznie podmioty, które uprawnione są do ich otrzymania na mocy przepisów prawa. Ponadto Pani/a dane mogą być udostępnione:<br />Meta Platforms Ireland Limited (4 Grand Canal Square, Grand Canal<br />Harbour, Dublin 2 Irlandia).<br />Zasady przetwarzania Pani/a danych osobowych przez Meta Platforms Ireland są dostępne<br />na stronie: <a role="link" href="https://www.facebook.com/privacy/explanation" target="" rel="noopener">https://www.facebook.com/privacy/explanation</a></li>
<li>Ma Pan/i prawo do:<br />a) dostępu do treści danych osobowych oraz ich sprostowania, żądania usunięcia, ograniczenia<br />przetwarzania, do przenoszenia danych, wniesienia sprzeciwu, do cofnięcia zgody w dowolnym<br />momencie bez wpływu na zgodność z prawem przetwarzania, którego dokonano na podstawie zgody przed jej cofnięciem,<br />b) do wniesienia skargi do organu nadzorczego – do Prezesa Urzędu Ochrony Danych<br />Osobowych, w razie uznania (przez Panią/Pana), że przetwarzanie danych osobowych<br />dotyczących Pana/i lub uczestnika narusza przepisy RODO.</li>
<li>Podanie przez Pana/Panią danych osobowych jest w pełni dobrowolne.</li>
<li>Podane dane osobowe nie będą przetwarzane w sposób zautomatyzowany i nie będą<br />profilowane.</li>
</ol>

<p>W związku z zapisami art. 13 ROZPORZĄDZENIA PARLAMENTU EUROPEJSKIEGO I RADY (UE) 2016/679 z dnia 27 kwietnia 2016 r. w sprawie ochrony osób fizycznych w związku z przetwarzaniem danych osobowych i w sprawie swobodnego przepływu&#8230;</p>
